r and 3?
3
Let s be 32 - (4 - 3) - 2. Let x = s - 20. Suppose u + 1 = 19. Calculate the greatest common factor of u and x.
9
Suppose -3*b - 2*y = -y - 6, -2*y = -3*b + 6. Suppose -b*k + 28 = -2*u, k - 3*u = 13 + 5. Let j = -208 - -292. Calculate the highest common factor of k and j.
12
Suppose -4*l - 8 = -3*m, 0*l - 7 = -2*m + l. Suppose -2*f + 2*g + 3*g + 24 = 0, -2*f + 24 = -3*g. What is the highest common factor of m and f?
4
Let a = 13 + -7. Suppose -17 + 233 = 12*n. Calculate the greatest common divisor of n and a.
6
Let m(j) = 76*j**2 - 1. Let o be m(1). Suppose -4*i + 5*u + 85 = 0, 27 = 3*i + u - 13. What is the highest common factor of i and o?
15
Let y be (-6 - -5)/(2/(-4)). Suppose 2*r - 87 = 3*v + 18, -5*r = y*v + 51. Let k be 4*(v/(-12) + 1). Calculate the highest common factor of 45 and k.
15
Let b be 2/3 - (-166)/3. Let s be (2 - 142)*(-5 + 2)/3. Calculate the highest common divisor of s and b.
28
Suppose 5*k = 51 + 29. Calculate the greatest common factor of 144 and k.
16
Let z be 14/(((-20)/(-6))/5). What is the greatest common divisor of 49 and z?
7
Suppose 0 = -g + 2*z + 18, 4*z + 51 = 4*g - 13. Suppose 2*b + 112 = 4*b. What is the greatest common divisor of b and g?
14
Suppose -j = z - 1 - 2, 0 = j + 5*z - 7. Let p(c) = -c**3 + 2*c**2 + 3*c + 1. Let x be p(3). Calculate the greatest common divisor of j and x.
1
Suppose -4*u = u + 5. Let f be -1 - (12 - (3 + u)). Let g be (-1146)/f + (-6)/33. What is the greatest common divisor of 13 and g?
13
Let s(a) = -a**2 - 13*a + 15. Let q be s(-13). Calculate the greatest common factor of q and 30.
15
Suppose -2*m = 4*x - 56, -4*x + 1 = -3*m + 35. Let d be (-379)/(-3) + (-2)/6. What is the highest common divisor of m and d?
18
Let f(h) = -h**3 - 5*h**2 - 6*h - 3. Let n be f(-5). What is the greatest common factor of 3 and n?
3
Suppose -8*m - 43 = -171. What is the greatest common divisor of 64 and m?
16
Suppose -135 = -3*s + 8*s. Let o = s + 39. Calculate the greatest common divisor of o and 132.
12
Suppose r = 2*x + 7, -2*x + 7 = r - 0. Suppose r = s + 2*b - 45, -3*s - b + 166 = 0. Let q = 21 - 14. What is the greatest common factor of q and s?
7
Let b(z) = -z**2 + 5*z - 3. Let x be b(3). Suppose -2 + 0 = -v. Suppose 7 + 1 = 4*d, -4*d - 40 = -v*j. What is the greatest common divisor of x and j?
3
Let g(s) = -s**3 + 4*s**2 + 4*s - 2. Let x be g(-4). Calculate the greatest common divisor of 10 and x.
10
Let l = 43 - 23. Suppose 0 = -2*r + 7*r - l. Let s be (-34)/(-6) - (-1)/3. Calculate the greatest common factor of r and s.
2
Let y = 78 - -62. Calculate the highest common factor of 20 and y.
20
Suppose -41 = 5*h - 256. What is the greatest common factor of 43 and h?
43
Let y be (-3)/9 + 225/27. Calculate the greatest common factor of y and 72.
8
Let d be -3*((-12)/9 - -2). Let h(x) = -6*x + 2. Let k be h(d). Calculate the greatest common divisor of k and 112.
14
Suppose 5*s = 5*x - 95, 0 = 3*x - 0*x + 5*s - 41. Calculate the greatest common factor of 119 and x.
17
Let m = 158 - 73. Calculate the greatest common factor of m and 34.
17
Let a be 10/4*12/15. Let k be (a*-1 - -4) + -2. Suppose -x - 2*x + 60 = k. Calculate the greatest common factor of 60 and x.
20
Suppose 4*d - 6*p - 85 = -p, 5*p - 20 = -3*d. Let i(s) = -3*s**3 - s**2 + 4*s + 3. Let r be i(-2). What is the greatest common factor of r and d?
15
Let t = 5 + 15. Suppose 3 + 5 = 4*w. Suppose 4*q = -3*g + 37, -w*q + 2*g + 7 + 15 = 0. Calculate the greatest common divisor of q and t.
10
Let o(s) be the first derivative of 17*s**2 + 3*s - 2. Let w be o(3). Let q be (w/(-10))/((-3)/4). Calculate the highest common factor of q and 14.
14
Let k be 46/8 - (-2)/8. Let z = k - 0. Let c = 14 + -8. Calculate the highest common divisor of c and z.
6
Let a be (3/2)/((-13)/(-312)). What is the highest common factor of a and 144?
36
Suppose -5*q + 6*k - 2*k + 104 = 0, -4*q + 84 = -3*k. What is the highest common factor of 12 and q?
12
Let d = -2 + 6. Let m = 52 + -16. What is the greatest common factor of d and m?
4
Suppose y = 61 + 27. Let l(m) = -2*m - 9. Let c be l(-6). Suppose s - c*h + 6*h = 5, 0 = -5*h - 5. What is the greatest common divisor of s and y?
8
Suppose 18 + 22 = 4*b + 5*h, -2*h + 23 = 3*b. What is the greatest common divisor of 1 and b?
1
Let x = 6 - 1. Suppose 4*h - 6 = 5*p - 4*p, -9 = x*p + h. Let k(f) = -f + 2. Let z be k(p). Calculate the highest common divisor of 8 and z.
4
Let u be (-2)/(-3) + 20/(-12). Let p be (0 - u)/((-9)/(-81)). Calculate the highest common divisor of 9 and p.
9
Let l = 46 + -44. Calculate the highest common factor of 3 and l.
1
Suppose -13 = -4*g + 11. Suppose 0 = -9*x + 13 + 365. What is the greatest common factor of x and g?
6
Let z(l) = 3 + 1 - 3 + l. Suppose 0 = -0*x + 4*x. Let q be z(x). What is the highest common divisor of q and 5?
1
Suppose -l + 2*v = 7 - 4, -v = -l. Calculate the highest common divisor of l and 21.
3
Let l(q) be the first derivative of 89*q**3/3 + q**2 + q + 1. Let w be (-42)/54 + (14/18 - 1). Let y be l(w). Calculate the greatest common divisor of 8 and y.
8
Let w(s) = -s**2 - 11*s - 24. Let n be w(-7). What is the greatest common divisor of 14 and n?
2
Suppose 3 = j - 27. What is the greatest common factor of j and 12?
6
Suppose -h + 2 = 3*a, 4*h + 2*a - 48 = -0*h. Calculate the highest common factor of h and 140.
14
Let h be 16/(-6)*42/(-4). What is the highest common factor of 42 and h?
14
Let k(q) = q**3 + 3*q**2 - 3*q + 2. Suppose 3*x - 6 = -0*x. Let p be k(x). Let i = 17 - -23. What is the greatest common factor of p and i?
8
Let u be ((-10)/3)/((-1)/3). Let m be 120/(-3)*1*-1. What is the greatest common divisor of u and m?
10
Suppose -3*w = -3*y + 513, 2*w = -0*w - 2. Calculate the highest common divisor of y and 68.
34
Suppose 0 = -5*p + 4*l - 1 + 79, 3*p - 60 = -2*l. Suppose -5*b = -b - 288. What is the highest common divisor of b and p?
18
Let s be (1 - -8) + (-2 - -5). What is the greatest common divisor of 84 and s?
12
Let o be ((-6)/1)/(1/1). Let d be (o/4)/(9/(-24)). Suppose 123 = 21*x + 39. What is the greatest common factor of d and x?
4
Let z(l) = -l**2 + 4*l - 6. Let p be z(5). Suppose 100 = -2*t + 6*t. Let g = p + t. Calculate the greatest common divisor of 126 and g.
14
Suppose 4*k = r + 23 - 8, -45 = 4*r - k. Let x be 14/77 - 284/r. What is the greatest common factor of x and 65?
13
Let y(r) be the third derivative of r**2 + 1/24*r**4 - 1/2*r**3 + 0*r + 0. Let d be y(4). What is the highest common factor of d and 6?
1
Suppose -2*b = 9 - 13. What is the greatest common divisor of 22 and b?
2
Suppose -5*s + 126 = -154. Suppose -4*b = -3*b - s. Suppose 3*l + 11 - 32 = 0. What is the greatest common factor of l and b?
7
Suppose 0 = 4*w, -3*u + 5*w = -0*u + 495. Let x be (4/5)/((-6)/u). What is the greatest common factor of x and 88?
22
Suppose -s = 3*s + 48. Let d(x) = -x**2 - 14*x. Let p be d(s). Let y = -48 - -72. Calculate the greatest common divisor of y and p.
24
Suppose -v - 2*v - 1 = 2*s, 2*v - 5*s = 12. Let m be v/(-2) - 9/(-6). What is the greatest common divisor of m and 5?
1
Let c(b) = 3*b + 21. Let r be c(-5). What is the greatest common factor of 18 and r?
6
Let r(f) = f**3 + 13*f**2 + 9*f. Let x be r(-11). Calculate the greatest common factor of 11 and x.
11
Suppose 120 = -m + 3*m. What is the greatest common factor of m and 40?
20
Suppose -x + r = 3*r + 1, 2*x - 1 = -r. Let u(l) = 17*l**3 + l**2 + l - 1. Let s be u(x). Calculate the highest common factor of 54 and s.
18
Let a(v) = v**2 - 2*v. Let f be a(-6). Suppose -4*b = 5*s - 14, 3*b - 3*s - 14 = 10. What is the highest common factor of b and f?
6
Suppose -5*r = -3*r - 4*s - 36, -3*s + 43 = r. Let i(l) = l**2 - l. Let a be i(7). Calculate the greatest common divisor of r and a.
14
Suppose -66 = 4*s - 8*s + 5*t, s - t = 17. Calculate the greatest common divisor of 247 and s.
19
Let u = 278 + -197. Let i = -3 + 12. Calculate the greatest common divisor of u and i.
9
Let z(o) = 4*o + 4. Let j be z(8). Let a be (j/24)/((-3)/(-4)). Calculate the highest common divisor of a and 3.
1
Suppose 5*f - 17 = -4*k, -4*f - 3 + 23 = 0. Let p(z) = -3*z**2 - z. Let t be p(k). Let o be (-24)/t*(-5)/(-2). What is the highest common divisor of o and 60?
6
Let k(m) be the first derivative of -m**4/4 -